 3/2*g**2 + g. What is n(-2)?
3
Suppose 2*a = -3*g - 1 - 22, 1 = -g + a. Let z(n) = -3*n - 2. Let q(w) = -w. Let j(p) = 4*q(p) - z(p). What is j(g)?
7
Let t(q) = -19*q - 6 + 30*q - 12*q. What is t(0)?
-6
Let t(v) = 22*v**3 - 9*v**2 - 5*v + 2. Suppose -3*y = 10 + 5. Let o(a) = -33*a**3 + 14*a**2 + 8*a - 3. Let d(r) = y*o(r) - 8*t(r). What is d(1)?
-10
Let p(z) = 5*z**2 - 5. Let m(h) = -9*h**2 + 11. Suppose -2*q = 5*t + 30, 3*q - 9 = -5*t - 44. Let x(n) = t*m(n) - 9*p(n). What is x(-1)?
-8
Let a(p) = p**3 - 5*p**2 + 5*p + 1. Let k = -25 + 35. Let u be 16/k*25/10. Calculate a(u).
5
Suppose 0 = -g + 6*g. Suppose -2*q = -g*q + 8. Let t(i) = 3*i + 5*i - 6*i + 5. What is t(q)?
-3
Let o = 2 + -6. Suppose 6 = -m + 3*m. Let w(x) = -2 - 6*x + 2*x**2 - 2*x**2 + 4*x**m + 3*x**2 - 3*x**3. Give w(o).
6
Let f(o) = 6*o + o**2 - 6*o - 6*o. Suppose a + 9 = 3*c, -2*c = -4*a - 4*c + 34. Give f(a).
0
Let i(q) = 11*q - 8. Let k(f) = -5*f + 4. Let a(v) = -4*i(v) - 9*k(v). Let l(o) = o - 2. Let x be l(6). Determine a(x).
0
Let f be (-4)/(-10) - 17/5. Let b(d) be the third derivative of d**5/60 + d**4/6 + 2*d**3/3 + 3*d**2. Determine b(f).
1
Let i be (5 - 2) + -2 + 1. Let m(n) = n**3 - 2*n**2 + 3*n - 3. Determine m(i).
3
Suppose 5*l + 12 = -0*q - 2*q, 5*q - 40 = 5*l. Let k(m) = -4*m**2 - 1 - 2 + 1 + 2*m + m**3. Calculate k(q).
6
Let r(c) = -5*c**3 - 3*c**2 + 2*c - 3. Let k(a) = -4*a**3 - 3*a**2 + 2*a - 3. Let w(z) = -6*k(z) + 5*r(z). What is w(2)?
3
Let u(o) = o**2 - o. Let v(x) = 3*x**2 + x - 3. Let c(m) = 4*u(m) - v(m). What is c(2)?
-3
Suppose 2*u = -2*k - 2 - 0, -18 = -2*k + 3*u. Let n(r) = 25 - 25 + k*r. Calculate n(-5).
-15
Let i(u) = 3*u - 2. Let f(x) = x**3 - 4*x**2 + 3*x - 1. Let l be f(2). Give i(l).
-11
Let j(a) = a + 4. Let v(x) = -2*x - 3. Let t be v(-4). Calculate j(t).
9
Let h(f) be the third derivative of 7/6*f**3 + 0 - 2*f**2 - 1/12*f**4 + 0*f. What is h(6)?
-5
Let n(d) = -d**2 + 3*d - d + 0*d - 1 - 11*d**3. Let f be 0 - (3 - (-4)/(-1)). What is n(f)?
-11
Let q(b) = -b**3 + 5*b**2 - 3*b - 2. Let m be q(3). Let p(v) = v**3 - 6*v**2 - 6*v - 10. Give p(m).
-3
Let l(o) = -16*o**3 - 4*o**2 + 2*o + 1. Let z(p) = -65*p**3 - 17*p**2 + 9*p + 4. Let v(n) = 9*l(n) - 2*z(n). Give v(1).
-15
Let p(n) = n**2 - 8*n + 2. Let d be p(8). Suppose -d*b = 4*h - 3*h + 13, 4*h = 5*b. Let x(r) = 0 + 2*r - 1 + 5. Calculate x(b).
-4
Suppose -4*v - 4*m = 12, 2*v = -0*v + 5*m + 1. Let d(t) = -3*t**2 + 11*t + 11. Let a(h) = -h**2 + 5*h + 5. Let l(z) = 5*a(z) - 2*d(z). What is l(v)?
1
Let a(r) = 5*r**2 + 33 + 4*r + r**2 - 5*r - 34. What is a(-1)?
6
Let m(z) = z**2 + z. Suppose 5 = 2*x + 3*l, -x + 5*l = -2*x + 6. Determine m(x).
2
Let o(y) = 7*y - 1. Suppose 0 = 2*q + 4 - 6. Let b be o(q). Suppose z + 2*z = -b. Let f(p) = -p**2 - 3*p - 2. What is f(z)?
0
Let l(i) = -i**3 - 3*i - 4*i + 9*i - 3*i**2 + 3. Calculate l(-2).
-5
Let a(r) be the third derivative of r**5/120 + r**4/24 - 2*r**3/3 + 6*r**2. Let t(y) be the first derivative of a(y). Calculate t(3).
4
Let s(g) be the second derivative of g**5/20 - 7*g**4/12 - g**3/6 + 13*g. Calculate s(7).
-7
Suppose 8*x - 7*x = 0. Let g(k) be the second derivative of k + k**2 + x - 1/2*k**3. What is g(3)?
-7
Let l(c) = 15*c**2 - 2*c - 15*c**2 + 2*c**3 - 8. Let s(g) = 3*g**3 - 3*g - 9. Let a(q) = 4*l(q) - 3*s(q). Let o be 1/(-3) + (-4)/(-12). Determine a(o).
-5
Let d(b) be the second derivative of -8*b + 0 + 3*b**2 - 1/3*b**3. Calculate d(4).
-2
Let s(r) = -4 - 3*r - r**2 + r + 6*r + 6. Suppose -4*z + z = -12. Give s(z).
2
Suppose 7*s = 3*l + 2*s + 16, -5*l - 4*s = -35. Let j(o) be the third derivative of 1/6*o**4 - 1/30*o**5 + 2*o**2 - 1/2*o**3 + 0 + 0*o. Determine j(l).
-9
Let k(v) = -4*v**2 + 2*v**2 + v**2 + 4. Determine k(0).
4
Let i(z) be the second derivative of -z**5/20 + z**4/4 + z**3/2 - z**2 - 25*z. Determine i(4).
-6
Let d(u) = 3*u - 1. Let x(h) = 16*h - 4. Let c(r) = -11*d(r) + 2*x(r). Calculate c(3).
0
Let a(p) = p**2 - 3. Let w = 16 + -13. Let g be ((3 - w)/(-2))/2. Determine a(g).
-3
Let x(h) = -2*h**2 + 7*h + 14. Let y be x(5). Let k(w) = 3*w**2 + 2*w + 1. Calculate k(y).
2
Suppose -2*p + 2 = 0, 3*v - 23 = -2*p - 3*p. Let j(q) = -q**2 + 6*q - 7. Give j(v).
-7
Let u = 11 - 22. Let j(c) = 21*c**2 + 5*c - 10. Let y(m) = 4*m**2 + m - 2. Let g(t) = u*y(t) + 2*j(t). Let n(d) be the first derivative of g(d). What is n(-2)?
7
Suppose -4 = -i - 4*s, -5*i + 2*s = -2*s + 4. Suppose i = -4*l + 3 + 9. Let z(w) = -w + 2. Let c(a) = -3*a + 5. Let t(o) = -4*c(o) + 11*z(o). Determine t(l).
5
Suppose 3*u = 3*b, -b + 0*b = -3*u + 10. Let c(z) = -8 + 6*z + 2 - 3*z - 4*z. Determine c(b).
-11
Let k = -3 + 9. Let r(p) = -3*p + 2 + p**3 - 4*p**2 - 2*p + 0 - k. Let s(l) = l**3 - 5*l**2 + l. Let m be s(5). Give r(m).
-4
Let i(g) = g**3 - g**2 - 5*g + 2. Let q be i(3). Let r = q + 0. Let w(o) = -o + 10. Determine w(r).
5
Let p(d) = -5*d**3 + 13*d**2 + 11*d + 9. Let l(x) = -2*x**3 + 6*x**2 + 5*x + 4. Suppose -10 = 2*z, 2*q = 3*q - 2*z - 7. Let j(h) = q*p(h) + 7*l(h). Give j(-2).
1
Let w(c) = -c**2 - 3*c + 1. Let d be w(-3). Let i(s) = 3*s - d + 6*s**2 - s**3 + 2*s + 2*s - 8*s. What is i(6)?
-7
Let l(u) be the third derivative of -u**5/60 + 3*u**4/8 + u**3/2 + u**2 - 9*u. Determine l(6).
21
Let i(y) = 4*y**3 + 1. Let j = 9 + -8. What is i(j)?
5
Let x(o) = 2 - o**3 - 3 + 0 + 2*o**2. Suppose 20*c - 18*c = 2. Determine x(c).
0
Let l(z) = z**3 + z**2 - 6. Suppose -y - y = -8. Let a be 3/9 - y/12. Calculate l(a).
-6
Let m = -7 + 5. Let x be (-2)/6 + (-21)/(-9). Let f(z) = -3*z - x + 7*z - 3*z + 0*z. What is f(m)?
-4
Let r(c) = -2*c + 2. Let p = 4 + -2. Suppose -27 = 4*t - 7. Let o(q) = -4*q + 3. Let n(l) = p*o(l) + t*r(l). Give n(-3).
-10
Let q(v) = -12 - 8*v + 21*v + 20*v**2 - 9*v**2. Let g(u) = 5*u**2 + 6*u - 6. Let l(b) = -13*g(b) + 6*q(b). Let f be (0 - 1) + 1/1. Calculate l(f).
6
Suppose 3*l + 12 = 0, 0 = x + 5*l + 37 - 15. Let t(k) = k**2 + 3*k + 1. What is t(x)?
-1
Let k = -20 - -48. Let d be 7*((-120)/k)/5. Let p(h) = h**3 + 5*h**2 - 5*h - 5. Determine p(d).
-11
Suppose 0*i - 2 = -i. Let g(u) = -3*u + 2*u + 6 - i + 0*u. Determine g(5).
-1
Let g(q) = -3*q**2 + 3*q + 9. Let i(j) = j**2 - 2*j - 4. Let k(b) = -2*g(b) - 5*i(b). What is k(-2)?
-2
Let w = 27 - 17. Let p(g) = -g**2 + 11*g - 9. Determine p(w).
1
Let o(q) = -q**2 - 2*q - 1. Let f be 15/6*2 - 2. Suppose 2*y = -d - 3, y + 1 = -f*d + 7. Suppose -d*m - 4 = 2. Determine o(m).
-1
Let o(c) = -4*c - 3. Let i be o(3). Let x = -12 - i. Let v(l) = -l**2 + 3*l - 4. Give v(x).
-4
Let b(i) = -2*i + 10. Let f(n) = -1. Let q(z) = -z**2 + z - 2. Let g be q(-4). Let s(k) = g*f(k) - 2*b(k). Calculate s(-3).
-10
Suppose -19*c = -c. Let i(s) = -5*s**2 + s - 6. Let g(y) = -11*y**2 + 2*y - 13. Let r(q) = 4*g(q) - 9*i(q). Calculate r(c).
2
Let m(d) = d**2 - 6. Suppose -5*i + i - 5*r = 5, r = -3*i - 1. Determine m(i).
-6
Suppose 5*a = 14 + 1. Suppose -2*y - 5*u - 50 = -5*y, a*y - 3*u = 54. Suppose y = f + 3*f. Let w(k) = k**3 - 6*k**2 + 5*k - 3. Give w(f).
-3
Suppose 0 = 4*i + 5*i + 81. Let r(w) = w**2 + 11*w + 10. Give r(i).
-8
Suppose 0 = -10*p + 6*p - 4. Let g(t) = 5*t**3 + 2*t**2 - 4*t + 10. Let h(d) = 2*d - d**2 - d - 1 + 0*d**3 - d**3. Let w(b) = p*g(b) - 6*h(b). Give w(-3).
11
Let q(h) be the second derivative of h**3/6 - 10*h - 2. Calculate q(5).
5
Let v(p) be the third derivative of -p**6/30 - p**4/24 - 3*p**2 - 3*p. Give v(1).
-5
Let f(w) = -w**2 - w - 1. Let y(b) = b**3 + 5*b**2 + 3*b - 6. Let m(j) = 4*f(j) + y(j). What is m(0)?
-10
Let c(f) = 0*f**2 + 2 - f**2 + 0*f**2 - f**3 + 9*f**2. Calculate c(8).
2
Let z = 6 + -4. Let v(m) = m**z - 2*m**2 - 2*m + 2*m. Let o = 5 - 3. Give v(o).
-4
Let z(h) = h + 7. Let c(m) = -1. Let j(q) = -5*c(q) + z(q). Let w be j(-7). Let o(x) = -x**3 + 4*x**2 + 5*x + 7. Give o(w).
7
Let f(w) = 19*w + 11. Let l(g) = -5*g - 3. Let z(x) = 6*f(x) + 22*l(x). Let t = -32 + 36. What is z(t)?
16
Let d = -17 - -22. Let u(k) be the first derivative of -k**2/2 + 4*k - 1. Calculate u(d).
-1
Let o be ((-45)/6)/5*2. Let w(s) = -s**3 - s**2 + 4*s + 1. Calculate w(o).
7
Let s(a) be the first derivative of 1/4*a**4 + a + 2*a**2 - 4/3*a**3 + 3. Let q(t) = -2*t - 7. Let i be q(-5). Calculate s(i).
4
Let u be (-1)/(-1) - 0/(-9). Let q(d) = 3*d**3 - 5 - 2*d**2 + 4 + 3*d**2. What is q(u)?
3
Suppose 0 = 